[INFO] cloning repository https://github.com/abankalarm/collection-of-rust-projects
[INFO] running `Command { std: "git" "-c" "credential.helper=" "-c" "credential.helper=/workspace/cargo-home/bin/git-credential-null" "clone" "--bare" "https://github.com/abankalarm/collection-of-rust-projects" "/workspace/cache/git-repos/https%3A%2F%2Fgithub.com%2Fabankalarm%2Fcollection-of-rust-projects", kill_on_drop: false }`
[INFO] [stderr] Cloning into bare repository '/workspace/cache/git-repos/https%3A%2F%2Fgithub.com%2Fabankalarm%2Fcollection-of-rust-projects'...
[INFO] running `Command { std: "git" "rev-parse" "HEAD", kill_on_drop: false }`
[INFO] [stdout] 5b9b794386fb12fa55e8232500eadddd985613da
[INFO] checking abankalarm/collection-of-rust-projects against master#9610dfe5a9a731ced1ea4923ecbd0c57fe367898 for beta-170-4
[INFO] running `Command { std: "git" "clone" "/workspace/cache/git-repos/https%3A%2F%2Fgithub.com%2Fabankalarm%2Fcollection-of-rust-projects" "/workspace/builds/worker-6-tc1/source", kill_on_drop: false }`
[INFO] [stderr] Cloning into '/workspace/builds/worker-6-tc1/source'...
[INFO] [stderr] done.
[INFO] validating manifest of git repo https://github.com/abankalarm/collection-of-rust-projects on toolchain 9610dfe5a9a731ced1ea4923ecbd0c57fe367898
[INFO] running `Command { std: CARGO_HOME="/workspace/cargo-home" RUSTUP_HOME="/workspace/rustup-home" "/workspace/cargo-home/bin/cargo" "+9610dfe5a9a731ced1ea4923ecbd0c57fe367898" "metadata" "--manifest-path" "Cargo.toml" "--no-deps", kill_on_drop: false }`
[INFO] started tweaking git repo https://github.com/abankalarm/collection-of-rust-projects
[INFO] finished tweaking git repo https://github.com/abankalarm/collection-of-rust-projects
[INFO] tweaked toml for git repo https://github.com/abankalarm/collection-of-rust-projects written to /workspace/builds/worker-6-tc1/source/Cargo.toml
[INFO] crate git repo https://github.com/abankalarm/collection-of-rust-projects already has a lockfile, it will not be regenerated
[INFO] running `Command { std: CARGO_HOME="/workspace/cargo-home" RUSTUP_HOME="/workspace/rustup-home" "/workspace/cargo-home/bin/cargo" "+9610dfe5a9a731ced1ea4923ecbd0c57fe367898" "fetch" "--manifest-path" "Cargo.toml", kill_on_drop: false }`
[INFO] running `Command { std: "docker" "create" "-v" "/var/lib/crater-agent-workspace/builds/worker-6-tc1/target:/opt/rustwide/target:rw,Z" "-v" "/var/lib/crater-agent-workspace/builds/worker-6-tc1/source:/opt/rustwide/workdir:ro,Z" "-v" "/var/lib/crater-agent-workspace/cargo-home:/opt/rustwide/cargo-home:ro,Z" "-v" "/var/lib/crater-agent-workspace/rustup-home:/opt/rustwide/rustup-home:ro,Z" "-e" "SOURCE_DIR=/opt/rustwide/workdir" "-e" "CARGO_TARGET_DIR=/opt/rustwide/target" "-e" "CARGO_HOME=/opt/rustwide/cargo-home" "-e" "RUSTUP_HOME=/opt/rustwide/rustup-home" "-w" "/opt/rustwide/workdir" "-m" "1610612736" "--user" "0:0" "--network" "none" "ghcr.io/rust-lang/crates-build-env/linux@sha256:19e73879b68f455e41552ea35293514db52ea292d993f571636dbffedb77a1ee" "/opt/rustwide/cargo-home/bin/cargo" "+9610dfe5a9a731ced1ea4923ecbd0c57fe367898" "metadata" "--no-deps" "--format-version=1", kill_on_drop: false }`
[INFO] [stdout] 306b619c76b6fc49be250eb5dc3b8ff8ec908ef6f4693e09ca2049ae2d84f8ac
[INFO] running `Command { std: "docker" "start" "-a" "306b619c76b6fc49be250eb5dc3b8ff8ec908ef6f4693e09ca2049ae2d84f8ac", kill_on_drop: false }`
[INFO] running `Command { std: "docker" "inspect" "306b619c76b6fc49be250eb5dc3b8ff8ec908ef6f4693e09ca2049ae2d84f8ac", kill_on_drop: false }`
[INFO] running `Command { std: "docker" "rm" "-f" "306b619c76b6fc49be250eb5dc3b8ff8ec908ef6f4693e09ca2049ae2d84f8ac", kill_on_drop: false }`
[INFO] [stdout] 306b619c76b6fc49be250eb5dc3b8ff8ec908ef6f4693e09ca2049ae2d84f8ac
[INFO] running `Command { std: "docker" "create" "-v" "/var/lib/crater-agent-workspace/builds/worker-6-tc1/target:/opt/rustwide/target:rw,Z" "-v" "/var/lib/crater-agent-workspace/builds/worker-6-tc1/source:/opt/rustwide/workdir:ro,Z" "-v" "/var/lib/crater-agent-workspace/cargo-home:/opt/rustwide/cargo-home:ro,Z" "-v" "/var/lib/crater-agent-workspace/rustup-home:/opt/rustwide/rustup-home:ro,Z" "-e" "SOURCE_DIR=/opt/rustwide/workdir" "-e" "CARGO_TARGET_DIR=/opt/rustwide/target" "-e" "CARGO_INCREMENTAL=0" "-e" "RUST_BACKTRACE=full" "-e" "RUSTFLAGS=--cap-lints=forbid" "-e" "RUSTDOCFLAGS=--cap-lints=forbid" "-e" "CARGO_HOME=/opt/rustwide/cargo-home" "-e" "RUSTUP_HOME=/opt/rustwide/rustup-home" "-w" "/opt/rustwide/workdir" "-m" "1610612736" "--user" "0:0" "--network" "none" "ghcr.io/rust-lang/crates-build-env/linux@sha256:19e73879b68f455e41552ea35293514db52ea292d993f571636dbffedb77a1ee" "/opt/rustwide/cargo-home/bin/cargo" "+9610dfe5a9a731ced1ea4923ecbd0c57fe367898" "check" "--frozen" "--all" "--all-targets" "--message-format=json", kill_on_drop: false }`
[INFO] [stdout] d59f6e9cf0f56dcad6432f7ebd21ac9ab9d61f8b3c8ab3dd7774a4c364c6e4e6
[INFO] running `Command { std: "docker" "start" "-a" "d59f6e9cf0f56dcad6432f7ebd21ac9ab9d61f8b3c8ab3dd7774a4c364c6e4e6", kill_on_drop: false }`
[INFO] [stderr]     Checking minidirb v0.1.0 (/opt/rustwide/workdir)
[INFO] [stdout] warning: trait objects without an explicit `dyn` are deprecated
[INFO] [stdout]   --> src/lib.rs:27:45
[INFO] [stdout]    |
[INFO] [stdout] 27 | pub fn run(config: Config) -> Result<(),Box<Error>>{
[INFO] [stdout]    |                                             ^^^^^
[INFO] [stdout]    |
[INFO] [stdout]    = warning: this is accepted in the current edition (Rust 2018) but is a hard error in Rust 2021!
[INFO] [stdout]    = note: for more information, see <https://doc.rust-lang.org/nightly/edition-guide/rust-2021/warnings-promoted-to-error.html>
[INFO] [stdout]    = note: `#[warn(bare_trait_objects)]` on by default
[INFO] [stdout] help: use `dyn`
[INFO] [stdout]    |
[INFO] [stdout] 27 | pub fn run(config: Config) -> Result<(),Box<dyn Error>>{
[INFO] [stdout]    |                                             +++
[INFO] [stdout] 
[INFO] [stdout] 
[INFO] [stdout] warning: trait objects without an explicit `dyn` are deprecated
[INFO] [stdout]   --> src/lib.rs:27:45
[INFO] [stdout]    |
[INFO] [stdout] 27 | pub fn run(config: Config) -> Result<(),Box<Error>>{
[INFO] [stdout]    |                                             ^^^^^
[INFO] [stdout]    |
[INFO] [stdout]    = warning: this is accepted in the current edition (Rust 2018) but is a hard error in Rust 2021!
[INFO] [stdout]    = note: for more information, see <https://doc.rust-lang.org/nightly/edition-guide/rust-2021/warnings-promoted-to-error.html>
[INFO] [stdout]    = note: `#[warn(bare_trait_objects)]` on by default
[INFO] [stdout] help: use `dyn`
[INFO] [stdout]    |
[INFO] [stdout] 27 | pub fn run(config: Config) -> Result<(),Box<dyn Error>>{
[INFO] [stdout]    |                                             +++
[INFO] [stdout] 
[INFO] [stdout] 
[INFO] [stdout] warning: 1 warning emitted
[INFO] [stdout] 
[INFO] [stdout] 
[INFO] [stdout] warning: 1 warning emitted
[INFO] [stdout] 
[INFO] [stdout] 
[INFO] [stdout] error[E0463]: can't find crate for `fileterminator`
[INFO] [stdout]  --> src/bin/main.rs:1:1
[INFO] [stdout]   |
[INFO] [stdout] 1 | extern crate fileterminator;
[INFO] [stdout]   | ^^^^^^^^^^^^^^^^^^^^^^^^^^^^ can't find crate
[INFO] [stdout] 
[INFO] [stdout] 
[INFO] [stdout] error[E0463]: can't find crate for `fileterminator`
[INFO] [stdout]  --> src/bin/main.rs:1:1
[INFO] [stdout]   |
[INFO] [stdout] 1 | extern crate fileterminator;
[INFO] [stdout]   | ^^^^^^^^^^^^^^^^^^^^^^^^^^^^ can't find crate
[INFO] [stdout] 
[INFO] [stdout] 
[INFO] [stdout] error[E0463]: can't find crate for `dotext`
[INFO] [stdout]  --> src/bin/main.rs:2:1
[INFO] [stdout]   |
[INFO] [stdout] 2 | extern crate dotext;
[INFO] [stdout]   | ^^^^^^^^^^^^^^^^^^^^ can't find crate
[INFO] [stdout] 
[INFO] [stdout] 
[INFO] [stdout] error[E0463]: can't find crate for `clap`
[INFO] [stdout]  --> src/bin/main.rs:3:1
[INFO] [stdout]   |
[INFO] [stdout] 3 | extern crate clap;
[INFO] [stdout]   | ^^^^^^^^^^^^^^^^^^ can't find crate
[INFO] [stdout] 
[INFO] [stdout] 
[INFO] [stdout] error[E0463]: can't find crate for `dotext`
[INFO] [stdout]  --> src/bin/main.rs:2:1
[INFO] [stdout]   |
[INFO] [stdout] 2 | extern crate dotext;
[INFO] [stdout]   | ^^^^^^^^^^^^^^^^^^^^ can't find crate
[INFO] [stdout] 
[INFO] [stdout] 
[INFO] [stdout] error[E0463]: can't find crate for `clap`
[INFO] [stdout]  --> src/bin/main.rs:3:1
[INFO] [stdout]   |
[INFO] [stdout] 3 | extern crate clap;
[INFO] [stdout]   | ^^^^^^^^^^^^^^^^^^ can't find crate
[INFO] [stdout] 
[INFO] [stdout] 
[INFO] [stdout] warning: unused variable: `e`
[INFO] [stdout]   --> src/main.rs:19:16
[INFO] [stdout]    |
[INFO] [stdout] 19 |     if let Err(e) = minidirb::run(config){
[INFO] [stdout]    |                ^ help: if this is intentional, prefix it with an underscore: `_e`
[INFO] [stdout]    |
[INFO] [stdout]    = note: `#[warn(unused_variables)]` on by default
[INFO] [stdout] 
[INFO] [stdout] 
[INFO] [stdout] warning: unused variable: `err`
[INFO] [stdout]   --> src/main.rs:12:53
[INFO] [stdout]    |
[INFO] [stdout] 12 |     let config = Config::new(&args).unwrap_or_else(|err |{
[INFO] [stdout]    |                                                     ^^^ help: if this is intentional, prefix it with an underscore: `_err`
[INFO] [stdout] 
[INFO] [stdout] 
[INFO] [stdout] warning: unused variable: `e`
[INFO] [stdout]   --> src/main.rs:19:16
[INFO] [stdout]    |
[INFO] [stdout] 19 |     if let Err(e) = minidirb::run(config){
[INFO] [stdout]    |                ^ help: if this is intentional, prefix it with an underscore: `_e`
[INFO] [stdout]    |
[INFO] [stdout]    = note: `#[warn(unused_variables)]` on by default
[INFO] [stdout] 
[INFO] [stdout] 
[INFO] [stdout] warning: unused variable: `err`
[INFO] [stdout]   --> src/main.rs:12:53
[INFO] [stdout]    |
[INFO] [stdout] 12 |     let config = Config::new(&args).unwrap_or_else(|err |{
[INFO] [stdout]    |                                                     ^^^ help: if this is intentional, prefix it with an underscore: `_err`
[INFO] [stdout] 
[INFO] [stdout] 
[INFO] [stdout] warning: 2 warnings emitted
[INFO] [stdout] 
[INFO] [stdout] 
[INFO] [stdout] warning: 2 warnings emitted
[INFO] [stdout] 
[INFO] [stdout] 
[INFO] [stdout] error[E0425]: cannot find function `opendocx` in this scope
[INFO] [stdout]   --> src/bin/main.rs:37:9
[INFO] [stdout]    |
[INFO] [stdout] 37 |         opendocx(path);
[INFO] [stdout]    |         ^^^^^^^^ not found in this scope
[INFO] [stdout] 
[INFO] [stdout] 
[INFO] [stdout] error[E0425]: cannot find function `opendocx` in this scope
[INFO] [stdout]   --> src/bin/main.rs:37:9
[INFO] [stdout]    |
[INFO] [stdout] 37 |         opendocx(path);
[INFO] [stdout]    |         ^^^^^^^^ not found in this scope
[INFO] [stdout] 
[INFO] [stdout] 
[INFO] [stdout] error: aborting due to 4 previous errors
[INFO] [stdout] 
[INFO] [stdout] 
[INFO] [stdout] Some errors have detailed explanations: E0425, E0463.
[INFO] [stdout] 
[INFO] [stdout] For more information about an error, try `rustc --explain E0425`.
[INFO] [stdout] 
[INFO] [stdout] error: aborting due to 4 previous errors
[INFO] [stdout] 
[INFO] [stdout] 
[INFO] [stdout] Some errors have detailed explanations: E0425, E0463.
[INFO] [stdout] 
[INFO] [stdout] For more information about an error, try `rustc --explain E0425`.
[INFO] [stdout] 
[INFO] [stderr] error: could not compile `minidirb` (bin "main") due to 5 previous errors
[INFO] [stderr] warning: build failed, waiting for other jobs to finish...
[INFO] [stderr] error: could not compile `minidirb` (bin "main" test) due to 5 previous errors
[INFO] running `Command { std: "docker" "inspect" "d59f6e9cf0f56dcad6432f7ebd21ac9ab9d61f8b3c8ab3dd7774a4c364c6e4e6", kill_on_drop: false }`
[INFO] running `Command { std: "docker" "rm" "-f" "d59f6e9cf0f56dcad6432f7ebd21ac9ab9d61f8b3c8ab3dd7774a4c364c6e4e6", kill_on_drop: false }`
[INFO] [stdout] d59f6e9cf0f56dcad6432f7ebd21ac9ab9d61f8b3c8ab3dd7774a4c364c6e4e6
